s digit of 7229541?
4
What is the hundred thousands digit of 9656404?
6
What is the hundred thousands digit of 4432362?
4
What is the units digit of 117128?
8
What is the millions digit of 1151475?
1
What is the ten thousands digit of 3485338?
8
What is the hundreds digit of 6291395?
3
What is the thousands digit of 12141063?
1
What is the ten thousands digit of 180154?
8
What is the thousands digit of 20607382?
7
What is the units digit of 564866?
6
What is the thousands digit of 14332869?
2
What is the tens digit of 1596875?
7
What is the ten thousands digit of 2170360?
7
What is the hundred thousands digit of 365860?
3
What is the ten thousands digit of 181943?
8
What is the ten thousands digit of 2263102?
6
What is the hundred thousands digit of 1918975?
9
What is the ten thousands digit of 182145?
8
What is the tens digit of 5133825?
2
What is the thousands digit of 275384?
5
What is the units digit of 9632047?
7
What is the tens digit of 778512?
1
What is the hundreds digit of 11734173?
1
What is the ten thousands digit of 357065?
5
What is the units digit of 441543?
3
What is the ten thousands digit of 42554974?
5
What is the ten thousands digit of 354210?
5
What is the ten thousands digit of 7919779?
1
What is the millions digit of 1368476?
1
What is the hundred thousands digit of 11973164?
9
What is the units digit of 3750148?
8
What is the ten thousands digit of 23806299?
0
What is the tens digit of 42646?
4
What is the tens digit of 4548319?
1
What is the ten thousands digit of 6323404?
2
What is the tens digit of 15687?
8
What is the units digit of 13628862?
2
What is the units digit of 6651375?
5
What is the tens digit of 3430210?
1
What is the ten thousands digit of 106335?
0
What is the hundreds digit of 19660394?
3
What is the units digit of 787542?
2
What is the tens digit of 456940?
4
What is the tens digit of 3698236?
3
What is the hundreds digit of 37023929?
9
What is the units digit of 665437?
7
What is the thousands digit of 5363673?
3
What is the ten thousands digit of 58513?
5
What is the units digit of 2006832?
2
What is the hundred thousands digit of 153430?
1
What is the ten thousands digit of 532278?
3
What is the thousands digit of 5785479?
5
What is the ten thousands digit of 161263?
6
What is the units digit of 13459115?
5
What is the hundreds digit of 485892?
8
What is the tens digit of 241928?
2
What is the hundreds digit of 832074?
0
What is the ten thousands digit of 1763684?
6
What is the ten thousands digit of 5178912?
7
What is the hundreds digit of 8684082?
0
What is the hundreds digit of 185339?
3
What is the hundred thousands digit of 820044?
8
What is the hundred thousands digit of 412176?
4
What is the units digit of 65279?
9
What is the hundreds digit of 134534?
5
What is the hundred thousands digit of 2069010?
0
What is the units digit of 150947?
7
What is the ten millions digit of 10522526?
1
What is the millions digit of 20177043?
0
What is the hundred thousands digit of 660598?
6
What is the hundreds digit of 2086490?
4
What is the units digit of 1011817?
7
What is the hundred thousands digit of 11353770?
3
What is the thousands digit of 442281?
2
What is the tens digit of 5863518?
1
What is the ten thousands digit of 21874023?
7
What is the thousands digit of 2409125?
9
What is the hundreds digit of 365731?
7
What is the ten thousands digit of 1226023?
2
What is the ten thousands digit of 6368915?
6
What is the hundreds digit of 1505605?
6
What is the thousands digit of 147725?
7
What is the hundreds digit of 2238352?
3
What is the millions digit of 2226330?
2
What is the ten thousands digit of 452841?
5
What is the hundreds digit of 14228412?
4
What is the hundred thousands digit of 207433?
2
What is the ten thousands digit of 7459606?
5
What is the hundreds digit of 216208?
2
What is the ten thousands digit of 619827?
1
What is the hundreds digit of 1804664?
6
What is the tens digit of 4760163?
6
What is the hundreds digit of 25094?
0
What is the ten thousands digit of 14844?
1
What is the hundreds digit of 2797787?
7
What is the ten thousands digit of 511363?
1
What is the hundreds digit of 222635?
6
What is the tens digit of 223680?
8
What is the millions digit of 1191116?
1
What is the tens digit of 1163296?
9
What is the units digit of 640496?
6
What is the tens digit of 405721?
2
What is the hundreds digit of 246706?
7
What is the ten thousands digit of 2286062?
8
What is the units digit of 499598?
8
What is the ten thousands digit of 14580718?
8
What is the thousands digit of 522974?
2
What is the hundreds digit of 1669629?
6
What is the thousands digit of 393077?
3
What is the units digit of 3342972?
2
What is the ten thousands digit of 1905433?
0
What is the units digit of 1320169?
9
What is the thousands digit of 984891?
4
What is the thousands digit of 29594?
9
What is the hundreds digit of 17349562?
5
What is the millions digit of 1215859?
1
What is the hundreds digit of 757502?
5
What is the millions digit of 4530091?
4
What is the units digit of 691585?
5
What is the ten thousands digit of 706978?
0
What is the millions digit of 6084760?
6
What is the thousands digit of 7062186?
2
What is the hundreds digit of 126823?
8
What is the hundred thousands digit of 1108256?
1
What is the thousands digit of 4352792?
2
What is the thousands digit of 16001560?
1
What is the tens digit of 458676?
7
What is the ten thousands digit of 3140507?
4
What is the units digit of 4780237?
7
What is the hundred thousands digit of 577242?
5
What is the millions digit of 21937091?
1
What is the units digit of 695201?
1
What is the thousands digit of 418616?
8
What is the thousands digit of 15458231?
8
What is the millions digit of 4422934?
4
What is the hundreds digit of 78347?
3
What is the hundreds digit of 1507010?
0
What is the units digit of 280048?
8
What is the ten thousands digit of 69489?
6
What is the ten millions digit of 23450162?
2
What is the hundreds digit of 14873440?
4
What is the units digit of 14446144?
4
What is the hundred thousands digit of 17259164?
2
What is the hundred thousands digit of 1892370?
8
What is the thousands digit of 6595884?
5
What is the hundreds digit of 7823120?
1
What is the hundreds digit of 387721?
7
What is the hundred thousands digit of 2543180?
5
What is the ten millions digit of 14999165?
1
What is the tens digit of 186152?
5
What is the hundreds digit of 414626?
6
What is the thousands digit of 11213941?
3
What is the units digit of 4091?
1
What is the tens digit of 983324?
2
What is the hundreds digit of 1524459?
4
What is the hundreds digit of 230906?
9
What is the tens digit of 84929?
2
What is the thousands digit of 13063407?
3
What is the hundred thousands digit of 3103645?
1
What is the hundred thousands digit of 332793?
3
What is the thousands digit of 108845?
8
What is the hundred thousands digit of 5885528?
8
What is the ten thousands digit of 104161?
0
What is the hundred thousands digit of 966259?
9
What is the thousands digit of 287297?
7
What is the ten thousands digit of 801695?
0
What is the ten thousands digit of 324214?
2
What is the millions digit of 3085451?
3
What is the ten thousands digit of 66177?
6
What is the hundred thousands digit of 4426805?
4
What is the thousands digit of 17004?
7
What is the hundred thousands digit of 2082378?
0
What is the ten thousands digit of 28017?
2
What is the hundred thousands digit of 2433281?
4
What is the ten millions digit of 36437155?
3
What is the units digit of 11929747?
7
What is the thousands digit of 18467005?
7
What is the thousands digit of 9769562?
9
What is the hundred thousands digit of 1852251?
8
What is the tens digit of 1594115?
1
What is the units digit of 2245862?
2
What is the hundred thousands digit of 7471995?
4
What is the thousands digit of 406063?
6
What is the hundreds digit of 541826?
8
What is the tens digit of 6761566?
6
What is the ten millions digit of 17857309?
1
What is the units digit of 284019?
9
What is the units digit of 40718250?
0
What is the ten thousands digit of 59797?
5
What is the hundred thousands digit of 19509631?
5
What is the tens digit of 3327?
2
What is the tens digit of 32674?
7
What is the thousands digit of 11413436?
3
What is the millions di